*n - 461 = -a. Let y(u) = u**3 + 5*u**2 - 13*u + 9. Let b be y(-5). Calculate the greatest common factor of b and a.
37
Let v(t) = 24*t - 280. Let k be v(19). Calculate the highest common factor of 32 and k.
16
Suppose -3*c = -3*w - 0*w - 411, -409 = 3*w - 2*c. Let i be 10/(-45) + 5/(w/(-17259)). What is the highest common factor of i and 71?
71
Suppose 5*j - j - 144 = 0. Suppose h - 3 = j. What is the highest common factor of 312 and h?
39
Suppose x - 1965 = -6*c + c, -4*c - 5*x + 1593 = 0. Calculate the greatest common divisor of 147 and c.
49
Suppose q + 2*v + 1 - 10 = 0, -3*v + 3 = 0. Suppose q = -g + 37. What is the greatest common factor of 45 and g?
15
Let w(d) = -3*d + 2. Let p be w(-2). Let x(y) = -14*y - 94. Let a be x(10). Let q = a + 250. What is the highest common factor of p and q?
8
Let r be 1224 + (0*7/(-14))/1. Calculate the greatest common divisor of r and 17.
17
Let j be ((0 + 7/(-21))*51)/(-1 - 0). Suppose 0 = -2*r - 6, 0 = 4*k - 2*k - 4*r - 114. What is the greatest common divisor of k and j?
17
Let j = -226438 + 226489. Let g = -278 + 550. Calculate the greatest common divisor of g and j.
17
Suppose -3*q + l + 11 = 28, q - 3*l + 3 = 0. Let t be (q/15)/(3/(-1020)). Calculate the highest common factor of t and 16.
8
Let y(m) = -10*m**3 + 5*m**2 + 5*m - 3. Let u be y(-2). Suppose -2*h + 6*h - u = -5*w, 4*h = 2*w + 66. What is the highest common factor of h and 6?
6
Let g be (1148/12)/(1/9). Let b = g - 483. Calculate the greatest common divisor of b and 42.
42
Suppose 3*s - 67*d = -62*d + 1119, 5*d = 5*s - 1855. What is the highest common factor of s and 64?
16
Suppose 2*f = -2*d + 512, 4*f - 11*d = -8*d + 1024. Suppose -5*i + 7*i = f. Let v = i - 100. Calculate the highest common divisor of 4 and v.
4
Let p(z) = 0 + 19 - z**2 - 13 - 66 - 21*z. Let x be p(-11). What is the greatest common factor of x and 80?
10
Let l = 1096 + -1019. Let u be ((-8)/11)/4 + 1862/l. Suppose 4*m = 768 - 0. What is the greatest common divisor of m and u?
24
Let o(g) = 2*g**2 - 5*g + 5. Let q be o(2). Suppose 0 = q*a + 7*a - 30. Let f be (-1)/((-2 + -1)/a) + 110. What is the highest common factor of f and 74?
37
Let k = -6972 - -7002. Calculate the highest common factor of 3620 and k.
10
Let b be (-16 - 0 - 1)*-1. Let y be (30 - (-2534)/(-84))/(1/(-408)). Calculate the highest common factor of y and b.
17
Suppose 4*f - 2*f = -2*i + 66, 3*f - 139 = 5*i. What is the highest common divisor of 931 and f?
19
Suppose 0 = -j + 31 - 0. Suppose 34*z - j*z = 78. What is the highest common divisor of 13 and z?
13
Suppose -u + 19*x - 17*x + 5 = 0, 13 = u + 2*x. Suppose -3*b = 5*m - 1500, -4*m - 984 = -2*b - 2*m. Calculate the greatest common factor of u and b.
9
Let f(g) = -2*g**3 + 24*g**2 + 111*g + 2. Let z be f(-8). Calculate the greatest common divisor of z and 9.
9
Let n = 2227 - -35. What is the greatest common divisor of 312 and n?
78
Let t(o) = -17*o - 134. Let g be t(-8). Suppose -111 = -u - 3*n, -g*n - 15 = -9. Let k = -39 + 69. What is the highest common divisor of k and u?
30
Suppose 6*d - 7*d = 0. Suppose -l - 3*v = 4*l - 200, -5*v = d. Let r = -25 - -41. What is the highest common factor of r and l?
8
Let g = 6911 - 5481. Calculate the highest common divisor of g and 260.
130
Let p be 51/(-34) - (-14)/(-4) - 19. Let q(t) = t**3 - 7*t**2 - 4*t + 8. Let h be q(8). Let f = h + p. Calculate the greatest common factor of 176 and f.
16
Let v be 4*4/(16/3). Let d = -24 + 240. Suppose b + d = 9*b. What is the highest common divisor of v and b?
3
Suppose -567*g - 15 = -572*g. Suppose 4*c = -2*z + 2*c + 1610, -4*z + g*c + 3241 = 0. What is the highest common factor of 8 and z?
8
Let v = -25 + 100. Suppose -87 = -2*s + v. Suppose -j + s = 72. What is the highest common factor of 27 and j?
9
Let d = 1484 + -814. What is the highest common factor of 1876 and d?
134
Let n be (-1913744)/(-336) - (8/3 + -2). Calculate the greatest common factor of n and 255.
85
Let i = 452 + -163. Calculate the greatest common divisor of 17 and i.
17
Let y be (6 - 1) + (-26 + -1 - -3). Let o(q) = -21*q - 12*q**2 - 25 - 6*q**2 - 17*q + 17*q**2. Let s be o(y). Calculate the greatest common factor of 48 and s.
48
Suppose -32 = -9*d + 4. Suppose -4 = 2*s - d*y, -2*y + 2 = -s + 6*s. Suppose 5*h + 17 - 92 = s. What is the greatest common divisor of h and 10?
5
Suppose 3*g + 4*p = 1184, 3*g + 521*p = 522*p + 1174. What is the highest common divisor of g and 40?
8
Let n = 342 + 83. Suppose 2*c = 2, 5*b - n = -2*c - 3*c. Suppose 5*o - 3*o = 3*x + 97, 3*o + 3*x - 183 = 0. Calculate the highest common factor of b and o.
28
Let j(a) = -2*a**2 - 4*a - 5. Let i be j(-5). Let z be (i + 9)*(0 - 1). What is the greatest common factor of z and 4?
2
Let m be (3/(-2)*(1 - 0))/(624/(-14144)). Calculate the highest common divisor of m and 6154.
34
Suppose 0 = 45*l - 3707 - 3178. What is the greatest common divisor of 1233 and l?
9
Let u = 35 + 11. Let a(h) = 18*h - 30. Let q be a(5). Let o = q - u. What is the highest common divisor of o and 98?
14
Let w(x) = -x**2 - 48*x + 285. Let i be w(-52). What is the highest common factor of 2849 and i?
77
Let w = -85 + 270. Suppose 7*u - 193 - w = 0. What is the highest common divisor of u and 405?
27
Suppose -2*q = -4*y + 10, -q - 2*y + 7 = -8. Suppose -3 - q = -2*c. Let i = 159 + -139. Calculate the highest common divisor of c and i.
4
Suppose -4*n + 53 = 41, -c + 57 = 2*n. What is the greatest common factor of c and 2567?
17
Let w(x) = 7*x**2 + 3*x - 2. Suppose -31*l - 95 - 29 = 0. Let h be w(l). Let c be (-14)/((2/1)/(-2)). Calculate the greatest common divisor of h and c.
14
Let b(y) = y**3 + 34*y**2 + 83*y + 652. Let q be b(-32). What is the greatest common factor of q and 4730?
22
Suppose -253*m + 765*m = 4608. Let u be 24*((-2)/4 - -1). Calculate the greatest common factor of m and u.
3
Let z be (30/(-4) + 1)*-12. Let y = z - 69. Let t be (y/6)/(5/(-220)*-2). What is the highest common factor of 297 and t?
33
Suppose -2292 = -2*u + 5*y, 2*u - 906 = -4*y + 1332. What is the highest common divisor of u and 156?
39
Let h be (2 - 5 - -5) + 237. Suppose 233*n - h*n + 42 = 0. What is the highest common factor of 56 and n?
7
Let r = 9577 - 9085. Calculate the greatest common factor of r and 123.
123
Suppose 112*g - 14278 = 8122. What is the greatest common divisor of g and 75?
25
Let u = -24 + 70. Suppose -46302 + 6783 = -1221*v + 72813. Calculate the highest common factor of v and u.
46
Suppose 53 = -3*q - 46. Let j = q + 3. Let r = j + 95. What is the greatest common factor of 26 and r?
13
Let k = 439 + -437. Suppose -31*g = -27*g - 20. Calculate the highest common factor of k and g.
1
Suppose 9*r - 63 = -0*r. Suppose r*u = 3 + 32. Suppose 187 = 3*n + z, u*n - 168 - 127 = -5*z. Calculate the highest common factor of n and 16.
16
Suppose -2*k + 9 = 13, -377 = -5*l + k. Let c(y) = 2*y - 7. Let x be c(8). Let j = x - -6. Calculate the greatest common factor of j and l.
15
Let h be (15 - -8) + -13 - -275. What is the highest common factor of 3610 and h?
95
Let h be (-2 - 2)/(-12 - (-1504)/126). Calculate the greatest common divisor of 1113 and h.
21
Suppose 2*b - w + 2489 = 10683, w - 20471 = -5*b. Calculate the highest common factor of b and 90.
45
Let o = 9932 - 7228. Calculate the greatest common divisor of 16 and o.
16
Let l(q) = 791*q + 3275. Let i be l(4). What is the greatest common factor of 141 and i?
47
Let c = 66 + -41. Suppose 5*g - 50 - c = 0. Let p be 1 + -5 + (168 - -1). Calculate the highest common factor of g and p.
15
Let j = 4057 + -3798. Calculate the highest common divisor of 37 and j.
37
Let c = -35 + 35. Suppose 2*v - 30 - 68 = c. Calculate the greatest common divisor of 441 and v.
49
Let r(p) = p**3 - 53*p**2 - 284*p - 222. Let o be r(58). What is the greatest common factor of o and 414?
18
Suppose 0 = 4*y + 3*a - 38991, 6*y = 5*y + a + 9753. What is the greatest common divisor of 2730 and y?
390
Let a = 2736 + -2734. What is the highest common factor of 206 and a?
2
Let q(m) = -m**3 - 7*m**2 - 4*m - 28. Let a be q(-7). Suppose a = -3*k - 66 + 132. What is the highest common divisor of 220 and k?
22
Let m be (-5)/3*9/(-3). Suppose z + 3*z = -m*f + 137, 5*z = f + 164. Suppose -17 = -5*u + z. What is the highest common divisor of 11